{"id":22,"date":"2018-08-04T12:51:11","date_gmt":"2018-08-04T09:51:11","guid":{"rendered":"https:\/\/stellarrain.lv\/astro\/?page_id=22"},"modified":"2022-01-30T21:29:12","modified_gmt":"2022-01-30T19:29:12","slug":"sakumlapa","status":"publish","type":"page","link":"https:\/\/stellarrain.lv\/astro\/","title":{"rendered":"S\u0101kumlapa"},"content":{"rendered":"\n<p><input id=\"page_nosaukums\" type=\"hidden\" value=\"S\u0101kums\"><\/p>\n\n\n\n<p><style>\n.wrapper:after{<br \/>\nbackground:rgba(0,0,0,0);<br \/>\n}<br \/>\n<\/style><\/p>\n\n\n\n<p><script type=\"text\/javascript\">$( function() {\n    $( \"#accordion\" ).accordion({\n      collapsible: true\n    });\n  } );\n<\/script><input type=\"hidden\" value=\"S\u0101kums\" id=\"page_nosaukums\"><\/p>\n\n\n\n<p>Sveiki!<\/p>\n\n\n\n<p>Sveiki \u2013 astrolo\u0123ijas ( un ne tikai) m\u0101jas lap\u0101 un pasaul\u0113!<\/p>\n\n\n\n<p>Es b\u016b\u0161u patiesi priec\u012bga, ja Tev \u0161eit kas noder\u0113s, pavirz\u012bs, sniegs k\u0101du atbildi vai liks mirkli pakav\u0113ties un varb\u016bt padom\u0101t par kaut ko, ko nebiji pl\u0101nojis.<\/p>\n\n\n\n<p>Frederiks Kolins ir teicis:<\/p>\n\n\n\n<p>\u201c Ir divu veidu cilv\u0113ki \u2013 tie, kuri ien\u0101k istab\u0101 un saka: \u201c Te nu es esmu!\u201d un tie, kuri ien\u0101k un saka: \u201c O-o! Tu esi \u0161eit\u201d<\/p>\n\n\n\n<p>Es pievienojos otrajai da\u013cai:<\/p>\n\n\n\n<p><strong>O-o! Tu esi \u0161eit!<\/strong><\/p>\n\n\n\n<p>Ja tevi interes\u0113 jau konkr\u0113ts, neliels ieskats \u2013\u201c Kas ir astrolo\u0123ija?\u201d<\/p>\n\n\n\n<p>Vari ieskat\u012bties tepat t\u0101l\u0101k:<\/p>\n\n\n\n<div id=\"accordion\">\n<h3>Kas ir astrolo\u0123ija?<\/h3>\n<div>\n<p>Astrolo\u0123ija ir sena zin\u0101tne, kas apl\u016bko zvaig\u017e\u0146u ietekmi uz dabu un cilv\u0113ci.<\/p>\n<p>V\u0101rds astrolo\u0123ija c\u0113lies no grie\u0137u valodas: astron &#8211; zvaigzne un logos &#8211; m\u0101c\u012bba.<\/p>\n<p>M\u016bsdienu astrologs neb\u016bt nav sirms, b\u0101rdains v\u012bri\u0146\u0161, kas ar primit\u012bviem r\u012bkiem raug\u0101s naksn\u012bg\u0101s debes\u012bs un pare\u0123o \u013cau\u017eu un valdnieku likte\u0146us.<\/p>\n<p>Agr\u0101k saukta par pseidozin\u0101tni, astrolo\u0123ija arvien vair\u0101k att\u0101lin\u0101s no mistikas un balst\u0101s uz matem\u0101tikas, astronomijas un psiholo\u0123ijas paradigm\u0101m.<\/p>\n<p>Tikm\u0113r zvaig\u017e\u0146u un plan\u0113tu st\u0101voklis joproj\u0101m ietekm\u0113 cilv\u0113ka m\u016b\u017ea gaitu, ko saucam ar\u012b par dz\u012bves matricu vai individu\u0101lo horoskopu.<\/p>\n<p>Horoskops \u2013 t\u0101 ir zvaig\u017e\u0146ot\u0101s debess karte vai diagramma, kas nofiks\u0113ta uz noteiktu laika momentu.<br>To lasa p\u0113c stingri noteiktiem likumiem.<\/p>\n<p>Horoskops tiek apr\u0113\u0137in\u0101ts ar matem\u0101tisku precizit\u0101ti un ir br\u012bvs no nejau\u0161iem elementiem un z\u012bl\u0113\u0161anas.<\/p>\n<p><strong>Nedaudz no v\u0113stures<\/strong> &#8211; par di\u017eenajiem pr\u0101tiem, kuru atkl\u0101jumi, idejas un atkl\u0101smes, v\u0113l joproj\u0101m ir zin\u0101tnes pamatos \u2013 un kuri nopietni nodarboj\u0101s ar astrolo\u0123iju.<\/p>\n<p>Pielietoja to savos p\u0113t\u012bjumos un bie\u017ei atst\u0101ja p\u0113c sevis gr\u0101matas, kuras velt\u012btas \u0161ai zin\u0101\u0161anu jomai.<\/p>\n<p>L\u012bdz XVII gadsimtam astrolo\u0123ija bija tik pat neat\u0146emama augst\u0101k\u0101s izgl\u012bt\u012bbas sast\u0101vda\u013ca, k\u0101 \u0161odien matem\u0101tika.<\/p>\n<p><strong>Ptolemajs<\/strong> ( m.\u0113. II gadsimts) \u2013 viens no astronomijas un astrolo\u0123ijas pamatlic\u0113jiem.<\/p>\n<p><strong>Al \u2013 Biruni<\/strong> ( X- XI gadsimts) \u2013 daudz v\u0113rt\u012bgu darbu, kas velt\u012bti medic\u012bnai, matem\u0101tikai, \u0123eogr\u0101fijai, fizikai, astronomijai un astrolo\u0123ijai.<\/p>\n<p><strong>Paracels<\/strong> (XV \u2013 XVI gadsimts) &#8211; le\u0123end\u0101rs dziednieks, kas uzskat\u012bja astrolo\u0123iju par savas m\u0101kslas pamata sast\u0101vda\u013cu. Vi\u0146\u0161 rakst\u012bja, ka \u0101rsts, bez astrolo\u0123isko konstel\u0101ciju tulko\u0161anas m\u0101kslas ir \u201c pseido\u0101rsts\u201d.<\/p>\n<p><strong>Tiho Brage<\/strong> ( XVI gadsimts) astronomijas \u201c karalis\u201d. Ta\u010du vi\u0146\u0161 bija ar\u012b astrologs un al\u0137\u012bmi\u0137is. Sasniedza \u013coti lielu precizit\u0101ti astronomijas lauk\u0101. Rakst\u012bja astrolo\u0123iskos ieteikumus D\u0101nijas karalim un interpret\u0113ja t\u0101 b\u0113rnu horoskopus.<\/p>\n<p>&nbsp;<\/p>\n<p><strong>Johans Keplers<\/strong> (XVI \u2013 XVII gadsimts) astronoms, kura likumi ir kosmosa ku\u0123u orb\u012btu apr\u0113\u0137inu pamatos. Astrologs, kur\u0161 iemantoja pare\u0123a slavu par sav\u0101m prec\u012bzaj\u0101m prognoz\u0113m par \u0101rk\u0101rt\u012bgi auksto ziemu un par turku iebrukumu Austrij\u0101. Necieta vulg\u0101ro \u201c av\u012b\u017enieku\u201d astrolo\u0123iju. Ieviesa astrolo\u0123ij\u0101 jaunus terminus un teorijas.<\/p>\n<p><strong>Karls Gustavs Jungs<\/strong> ( XIX \u2013 XX gadsimts) \u2013 slavens un zin\u0101ms psihologs un psihiatrs. \u013boti nopietni apguva astrolo\u0123iju un izmantoja sav\u0101 \u0101rsta praks\u0113. Daudzi vi\u0146a darbi lika aizdom\u0101ties par cilv\u0113ka dabu un astrolo\u0123isko b\u016bt\u012bbu un lomu.<\/p>\n<\/div>\n<\/div>\n","protected":false},"excerpt":{"rendered":"<p>Sveiki! Sveiki \u2013 astrolo\u0123ijas ( un ne tikai) m\u0101jas lap\u0101 un pasaul\u0113! Es b\u016b\u0161u patiesi priec\u012bga, ja Tev \u0161eit kas noder\u0113s, pavirz\u012bs, sniegs k\u0101du atbildi vai liks mirkli pakav\u0113ties un varb\u016bt padom\u0101t par kaut ko, ko nebiji pl\u0101nojis. Frederiks Kolins ir teicis: \u201c Ir divu veidu cilv\u0113ki \u2013 tie, kuri ien\u0101k istab\u0101 un saka: \u201c [&hellip;]<\/p>\n","protected":false},"author":1,"featured_media":0,"parent":0,"menu_order":0,"comment_status":"closed","ping_status":"closed","template":"","meta":[],"_links":{"self":[{"href":"https:\/\/stellarrain.lv\/astro\/wp-json\/wp\/v2\/pages\/22"}],"collection":[{"href":"https:\/\/stellarrain.lv\/astro\/wp-json\/wp\/v2\/pages"}],"about":[{"href":"https:\/\/stellarrain.lv\/astro\/wp-json\/wp\/v2\/types\/page"}],"author":[{"embeddable":true,"href":"https:\/\/stellarrain.lv\/astro\/wp-json\/wp\/v2\/users\/1"}],"replies":[{"embeddable":true,"href":"https:\/\/stellarrain.lv\/astro\/wp-json\/wp\/v2\/comments?post=22"}],"version-history":[{"count":18,"href":"https:\/\/stellarrain.lv\/astro\/wp-json\/wp\/v2\/pages\/22\/revisions"}],"predecessor-version":[{"id":299,"href":"https:\/\/stellarrain.lv\/astro\/wp-json\/wp\/v2\/pages\/22\/revisions\/299"}],"wp:attachment":[{"href":"https:\/\/stellarrain.lv\/astro\/wp-json\/wp\/v2\/media?parent=22"}],"curies":[{"name":"wp","href":"https:\/\/api.w.org\/{rel}","templated":true}]}}