{"id":61,"date":"2018-08-30T12:02:09","date_gmt":"2018-08-30T09:02:09","guid":{"rendered":"https:\/\/stellarrain.lv\/astro\/?page_id=61"},"modified":"2024-02-29T12:10:43","modified_gmt":"2024-02-29T10:10:43","slug":"konsultacijas","status":"publish","type":"page","link":"https:\/\/stellarrain.lv\/astro\/konsultacijas\/","title":{"rendered":"Konsult\u0101cijas"},"content":{"rendered":"<p><input id=\"page_nosaukums\" type=\"hidden\" value=\"Konsultacijas\" \/><\/p>\n<p><style>\n#pakalpojumu_cenas_table td{border:0.5px solid black;border-collapse:collapse;}<br \/>\n<\/style><\/p>\n<p><script type=\"text\/javascript\"><br \/>\n  $( function() {<br \/>\n    $( \"#accordionAstro\" ).accordion({<br \/>\n      collapsible: true,<br \/>\n      heightStyle: \"content\",<br \/>\n      active:false<br \/>\n    });<br \/>\n  } );<br \/>\n  <\/script><br \/>Katrs no mums ir dom\u0101jis par dz\u012bves j\u0113gu un uzdevis sev jaut\u0101jumus:<br \/><b>\u201cKas es esmu?\u201d<\/b><br \/><b>\u201cKo daru \u0161ai dz\u012bv\u0113?\u201d<\/b><br \/><b>\u201cKo esmu sasniedzis?\u201d <\/b><\/p>\n<p style=\"text-indent: 20px;\">Dz\u012bves j\u0113gas mekl\u0113jumi ir svar\u012bgs jaut\u0101jums, kas cilv\u0113ku vair\u0101k nodarbina jaun\u012bb\u0101 un ne tikai. V\u0113l\u0101k ir posmi, kad v\u0113rt\u0113jam pag\u0101tnes notikumus, savu r\u012bc\u012bbu un izv\u0113li. Tiek p\u0101rv\u0113rt\u0113ti agr\u0101k izvirz\u012btie m\u0113r\u0137i un il\u016bzijas. Nereti rodas \u0161aubas par agr\u0101k svar\u012bg\u0101m liet\u0101m, attiec\u012bb\u0101m.<\/p>\n<div style=\"overflow: hidden;\">\n<div class=\"DIVMaina\" style=\"width: 50%; display: inline-block;\"><img loading=\"lazy\" width=\"510\" height=\"340\" class=\"alignnone size-medium wp-image-107\" style=\"width: 100%;\" src=\"https:\/\/stellarrain.lv\/astro\/wp-content\/uploads\/2018\/11\/42542754_545680849189491_8771903238115950592_n.jpg\" alt=\"\" srcset=\"https:\/\/stellarrain.lv\/astro\/wp-content\/uploads\/2018\/11\/42542754_545680849189491_8771903238115950592_n.jpg 510w, https:\/\/stellarrain.lv\/astro\/wp-content\/uploads\/2018\/11\/42542754_545680849189491_8771903238115950592_n-300x200.jpg 300w\" sizes=\"(max-width: 510px) 100vw, 510px\" \/><\/div>\n<div class=\"DIVMaina\" style=\"display: inline-block; width: 45%; float: right;\">\n<p style=\"text-indent: 20px;\">Katru no mums apciemo nezi\u0146a un nedro\u0161\u012bba par n\u0101kotni un tiek izvirz\u012bti jauni dz\u012bves uzdevumi. Astrologa darba lauks \u2013 pati dz\u012bve. Vi\u0146\u0161 ir konsultants, kas sp\u0113j ar sav\u0101m zin\u0101\u0161an\u0101m paskat\u012bties uz iepriek\u0161min\u0113to no neitr\u0101la punkta. Astrologs cilv\u0113k\u0101 redz vienu veselu.<\/p>\n<\/div>\n<\/div>\n<div style=\"overflow: hidden; margin-top: 20px;\">\n<div class=\"DIVMaina\" style=\"display: inline-block; width: 35%;\">\n<p style=\"text-indent: 20px;\">Astrologa uzdevums ir nevis dot visp\u0101r\u012bgus nor\u0101d\u012bjumus un inform\u0101ciju par n\u0101kotnes notikumiem, bet izskaidrot vi\u0146a potenci\u0101lu, plan\u0113tu ietekmi un izskaidrot to mijiedarb\u012bbu. Astrologs saglab\u0101 neitralit\u0101ti jebkur\u0101 jaut\u0101jum\u0101. Tikai klients pats nosaka, uz k\u0101diem jaut\u0101jumiem vi\u0146\u0161 gaida atbildes. Mana p\u0101rliec\u012bba ir, ka nav j\u0101atbild uz neuzdotiem jaut\u0101jumiem. Darb\u0101 ar klientu tiek iev\u0113rota un garant\u0113ta absol\u016bta konfidencionalit\u0101te.<\/p>\n<\/div>\n<div class=\"DIVMaina\" style=\"width: 60%; display: inline-block; float: right;\"><img loading=\"lazy\" width=\"510\" height=\"340\" class=\"alignnone size-medium wp-image-109\" style=\"width: 100%;\" src=\"https:\/\/stellarrain.lv\/astro\/wp-content\/uploads\/2018\/11\/42604056_168871507371615_8054269483478417408_n.jpg\" alt=\"\" srcset=\"https:\/\/stellarrain.lv\/astro\/wp-content\/uploads\/2018\/11\/42604056_168871507371615_8054269483478417408_n.jpg 510w, https:\/\/stellarrain.lv\/astro\/wp-content\/uploads\/2018\/11\/42604056_168871507371615_8054269483478417408_n-300x200.jpg 300w\" sizes=\"(max-width: 510px) 100vw, 510px\" \/><\/div>\n<\/div>\n<div id=\"accordionAstro\">\n<h3>Ko es uzzin\u0101\u0161u pie astrologa? &#8211; Astrologa darba \u0113tika<\/h3>\n<div>\n<div>\n<ul class=\"DIVMaina\" style=\"display: inline-block; width: 50%;\">\n<li>Savas galven\u0101s motiv\u0101cijas, savus talantus, savas iek\u0161\u0113j\u0101s pretrunas, sp\u0113ju mijiedarboties ar citiem cilv\u0113kiem, \u012bpa\u0161i j\u016bt\u012bg\u0101s vietas organism\u0101 un psih\u0113\u2026 (Klienta individu\u0101lais horoskops. To apskatu vienm\u0113r pirmaj\u0101 reiz\u0113, neskatoties uz to, pie cik astrologiem klients ir bijis. Un ar\u012b konkr\u0113tas t\u0113mas, jaut\u0101jumi, kas dotaj\u0101 br\u012bd\u012b ir aktu\u0101li).<\/li>\n<li>B\u0113rna individu\u0101lais horoskops.<br \/>(Ja b\u0113rns nav pilngad\u012bgs. Par 30 gad\u012bgiem b\u0113rniem ar vec\u0101kiem nerun\u0101ju).<\/li>\n<li>Attiec\u012bbu jaut\u0101jumi<br \/>(v\u012brietis- sieviete, vec\u0101ki \u2013 b\u0113rni, utml.).<\/li>\n<li>Karjeras izv\u0113le.<\/li>\n<li>Labv\u0113l\u012bga laika piemekl\u0113\u0161ana darb\u012bbai, r\u012bc\u012bbai.<\/li>\n<li>Darba, profesijas, dz\u012bvesvietas mai\u0146as jaut\u0101jumi.<\/li>\n<li>Dz\u012bves galvenie uzdevumi.<\/li>\n<li>Progno\u017eu kartes ( gada progno\u017eu kartes + ieskats t\u0101l\u0101k\u0101 laika period\u0101).<\/li>\n<li>Biznesa astrolo\u0123isk\u0101s konsult\u0101cijas.<\/li>\n<li style=\"overflow: hidden;\">Jebkuri citi jaut\u0101jumi, kas klientam ir interesanti un astrologam ir iesp\u0113jama atbilde. ( To noskaidrojam un vienojamies telefoniski)<\/li>\n<\/ul>\n<div style=\"display: inline-block; width: 45%; float: right;\"><img loading=\"lazy\" width=\"510\" height=\"340\" class=\"alignnone size-medium wp-image-117\" style=\"width: 100%;\" src=\"https:\/\/stellarrain.lv\/astro\/wp-content\/uploads\/2018\/11\/42546030_1893107384328805_4530391203866214400_n.jpg\" alt=\"\" srcset=\"https:\/\/stellarrain.lv\/astro\/wp-content\/uploads\/2018\/11\/42546030_1893107384328805_4530391203866214400_n.jpg 510w, https:\/\/stellarrain.lv\/astro\/wp-content\/uploads\/2018\/11\/42546030_1893107384328805_4530391203866214400_n-300x200.jpg 300w\" sizes=\"(max-width: 510px) 100vw, 510px\" \/><br \/><img loading=\"lazy\" width=\"510\" height=\"340\" class=\"alignnone size-medium wp-image-121\" style=\"width: 100%;\" src=\"https:\/\/stellarrain.lv\/astro\/wp-content\/uploads\/2018\/11\/42723510_249588909090503_1754879854248984576_n.jpg\" alt=\"\" srcset=\"https:\/\/stellarrain.lv\/astro\/wp-content\/uploads\/2018\/11\/42723510_249588909090503_1754879854248984576_n.jpg 510w, https:\/\/stellarrain.lv\/astro\/wp-content\/uploads\/2018\/11\/42723510_249588909090503_1754879854248984576_n-300x200.jpg 300w\" sizes=\"(max-width: 510px) 100vw, 510px\" \/><br \/><img loading=\"lazy\" width=\"642\" height=\"340\" class=\"alignnone size-medium wp-image-118\" style=\"width: 100%;\" src=\"https:\/\/stellarrain.lv\/astro\/wp-content\/uploads\/2018\/11\/42629083_330474904182960_3550513781291352064_n.jpg\" alt=\"\" srcset=\"https:\/\/stellarrain.lv\/astro\/wp-content\/uploads\/2018\/11\/42629083_330474904182960_3550513781291352064_n.jpg 642w, https:\/\/stellarrain.lv\/astro\/wp-content\/uploads\/2018\/11\/42629083_330474904182960_3550513781291352064_n-300x159.jpg 300w\" sizes=\"(max-width: 642px) 100vw, 642px\" \/><br \/><img loading=\"lazy\" width=\"960\" height=\"503\" class=\"alignnone size-medium wp-image-120\" style=\"width: 100%;\" src=\"https:\/\/stellarrain.lv\/astro\/wp-content\/uploads\/2018\/11\/42702444_2210050189275970_2305245712406806528_n.jpg\" alt=\"\" srcset=\"https:\/\/stellarrain.lv\/astro\/wp-content\/uploads\/2018\/11\/42702444_2210050189275970_2305245712406806528_n.jpg 960w, https:\/\/stellarrain.lv\/astro\/wp-content\/uploads\/2018\/11\/42702444_2210050189275970_2305245712406806528_n-300x157.jpg 300w, https:\/\/stellarrain.lv\/astro\/wp-content\/uploads\/2018\/11\/42702444_2210050189275970_2305245712406806528_n-768x402.jpg 768w, https:\/\/stellarrain.lv\/astro\/wp-content\/uploads\/2018\/11\/42702444_2210050189275970_2305245712406806528_n-816x428.jpg 816w\" sizes=\"(max-width: 960px) 100vw, 960px\" \/><br \/><img loading=\"lazy\" width=\"580\" height=\"340\" class=\"alignnone size-medium wp-image-119\" style=\"width: 100%;\" src=\"https:\/\/stellarrain.lv\/astro\/wp-content\/uploads\/2018\/11\/42666867_303671207117046_6654053082046922752_n.jpg\" alt=\"\" srcset=\"https:\/\/stellarrain.lv\/astro\/wp-content\/uploads\/2018\/11\/42666867_303671207117046_6654053082046922752_n.jpg 580w, https:\/\/stellarrain.lv\/astro\/wp-content\/uploads\/2018\/11\/42666867_303671207117046_6654053082046922752_n-300x176.jpg 300w\" sizes=\"(max-width: 580px) 100vw, 580px\" \/><\/div>\n<\/div>\n<ul style=\"list-style: square;\">\n<li>Nerun\u0101ju par pieaugu\u0161iem b\u0113rniem.<\/li>\n<li>Nerun\u0101ju par citu cilv\u0113ku kart\u0113m, ja tie nepiedal\u0101s konsult\u0101cij\u0101 kl\u0101tien\u0113.<\/li>\n<li>Nekonsult\u0113ju medic\u012bniskos jaut\u0101jumos.<\/li>\n<li>Atst\u0101ju sev iesp\u0113ju objekt\u012bvu apsv\u0113rumu d\u0113\u013c neatbild\u0113t uz jaut\u0101jumu (piem. iesp\u0113jam\u0101 n\u0101ves diena utml.)<\/li>\n<\/ul>\n<ul style=\"list-style: circle;\">\n<li>Konsult\u0101ciju br\u012bvie pieejamie laiki, kurus iesp\u0113jams rezerv\u0113t (t\u0101l\u0101k\u0101 nepiecie\u0161am\u0101 inform\u0101cija telefoniski vai e-past\u0101)<\/li>\n<li>Konsult\u0101ciju iesp\u0113jams ierakst\u012bt klienta ier\u012bc\u0113 (diktofons, t\u0101lrunis) vai konspekt\u0113t. Atsevi\u0161\u0137as izdrukas netiek izsniegtas<\/li>\n<li>Konsult\u0101cijas notiek kl\u0101tien\u0113 vai zoom platform\u0101 (konsult\u0101cija tiek ierakst\u012bta un klients to sa\u0146em epast\u0101) iepriek\u0161 veicot naudas p\u0101rskait\u012bjumu<\/li>\n<li>Kl\u0101tienes konsult\u0101cij\u0101s samaksa notiek skaidr\u0101 naud\u0101 vai pirms konsult\u0101cijas ar p\u0101rskait\u012bjumu<\/li>\n<li><a href=\"#pakalpojumuCenas\">Pakalpojumu cenas \u0161eit<\/a><\/li>\n<\/ul>\n<\/div>\n<h3>Astrologa pakalpojumi un cenas<\/h3>\n<div id=\"pakalpojumuCenas\">\n<table id=\"pakalpojumu_cenas_table\">\n<tbody>\n<tr>\n<td style=\"width: 50%;\"><strong>Pakalpojums<\/strong><\/td>\n<td style=\"width: 25%;\"><strong>Laiks<\/strong><\/td>\n<td style=\"width: 10%; text-align: left;\"><strong>Cena <\/strong><\/td>\n<\/tr>\n<tr>\n<td><strong>Pirmreiz\u0113j\u0101 konsult\u0101cija<\/strong> (pieaugu\u0161ajam)\n<p>\u00a0<\/p>\n<ul class=\"table_tick\">\n<li>Individu\u0101l\u0101 horoskopa sast\u0101d\u012b\u0161ana un interpret\u0101cija<\/li>\n<\/ul>\n<\/td>\n<td>L\u012bdz 1 stundai<\/td>\n<td><strong>80\u20ac<\/strong><\/td>\n<\/tr>\n<tr>\n<td><strong>Pirmreiz\u0113j\u0101 konsult\u0101cija ar dzim\u0161anas laika rektifik\u0101ciju (preciz\u0113\u0161anu)<\/strong>\n<p>\u00a0<\/p>\n<ul class=\"table_tick\">\n<li>Individu\u0101l\u0101 horoskopa sast\u0101d\u012b\u0161ana un interpret\u0101cija<\/li>\n<\/ul>\n<\/td>\n<td>L\u012bdz 2 stund\u0101m<\/td>\n<td><strong>120\u20ac<\/strong><\/td>\n<\/tr>\n<tr>\n<td><strong>Atk\u0101rtota konsult\u0101cija \u2013 gada prognozes<\/strong>\n<p>\u00a0<\/p>\n<ul class=\"table_tick\">\n<li>ar visp\u0101r\u0113ju ieskatu liel\u0101k\u0101 laika period\u0101<\/li>\n<\/ul>\n<\/td>\n<td>L\u012bdz 1 stundai<\/td>\n<td><strong>70\u20ac<\/strong><\/td>\n<\/tr>\n<tr>\n<td><strong>Sinastrisk\u0101s (sader\u012bbas) kar\u0161u interpret\u0101cija<\/strong>\n<p>\u00a0<\/p>\n<ul class=\"table_tick\">\n<li>Vienas personas individu\u0101l\u0101 horoskopa sast\u0101d\u012b\u0161ana un interpret\u0101cija<\/li>\n<\/ul>\n<\/td>\n<td>L\u012bdz 1 stundai 20 min\u016bt\u0113m<\/td>\n<td><strong>90\u20ac<\/strong><\/td>\n<\/tr>\n<tr>\n<td><strong>Sinastrisk\u0101s (sader\u012bbas) kar\u0161u interpret\u0101cija<\/strong>\n<p>\u00a0<\/p>\n<ul class=\"table_tick\">\n<li>Abu personu individu\u0101lo horoskopu sast\u0101d\u012b\u0161ana un interpret\u0101cija<\/li>\n<\/ul>\n<\/td>\n<td>L\u012bdz 2 stund\u0101m<\/td>\n<td><strong>120\u20ac<\/strong><\/td>\n<\/tr>\n<tr>\n<td><strong>B\u0113rna talanti un psiholo\u0123isk\u0101s probl\u0113msitu\u0101cijas<\/strong><\/td>\n<td>50 min\u016btes<\/td>\n<td><strong>60\u20ac<\/strong><\/td>\n<\/tr>\n<tr>\n<td><strong>Labv\u0113l\u012bga laika izv\u0113le svar\u012bgiem notikumiem (tiek piemekl\u0113ti 3 varianti)<\/strong><\/td>\n<td>\u00a0<\/td>\n<td><strong>40\u20ac<\/strong><\/td>\n<\/tr>\n<tr>\n<td><strong>Profesion\u0101l\u0101s izv\u0113les jaut\u0101jumi<\/strong><\/td>\n<td>40 min\u016btes<\/td>\n<td><strong>50\u20ac<\/strong><\/td>\n<\/tr>\n<tr>\n<td><strong>Atbildes uz konkr\u0113tiem jaut\u0101jumiem<\/strong>\n<p>\u00a0<\/p>\n<ul class=\"table_tick\">\n<li>Pie atk\u0101rtotas konsult\u0101cijas<\/li>\n<\/ul>\n<\/td>\n<td>30 min\u016btes<\/td>\n<td><strong>40\u20ac<\/strong><\/td>\n<\/tr>\n<\/tbody>\n<\/table>\n<\/div>\n<\/div>\n<p><button id=\"PieteiktiesKons\" style=\"display: none;\">Pieteikties konsult\u0101cijai<\/button><\/p>\n\n\n<ul><li><strong>Ir iesp\u0113ja kl\u0101tien\u0113 ieg\u0101d\u0101ties D\u0101vanu karti jebkurai izv\u0113l\u0113tajai summai<\/strong><\/li><li>Pie nestandarta konsult\u0101cijas (\u013coti da\u017e\u0101das t\u0113mas, jaut\u0101jumi \u2013 atbildes, utt., kuri neiek\u013caujas augst\u0101kmin\u0113tajiem) <strong>80\u20ac stunda<\/strong><\/li><\/ul>\n\n\n\n<div class=\"wp-container-1 wp-block-buttons\">\n<div class=\"wp-block-button has-custom-font-size has-small-font-size\"><a class=\"wp-block-button__link has-vivid-cyan-blue-background-color has-background\" href=\"https:\/\/stellarrain.lv\/astro\/lapa.php\" target=\"_blank\" rel=\"noreferrer noopener\">Pieteikties konsult\u0101cijai<\/a><\/div>\n<\/div>\n","protected":false},"excerpt":{"rendered":"<p>Katrs no mums ir dom\u0101jis par dz\u012bves j\u0113gu un uzdevis sev jaut\u0101jumus:\u201cKas es esmu?\u201d\u201cKo daru \u0161ai dz\u012bv\u0113?\u201d\u201cKo esmu sasniedzis?\u201d Dz\u012bves j\u0113gas mekl\u0113jumi ir svar\u012bgs jaut\u0101jums, kas cilv\u0113ku vair\u0101k nodarbina jaun\u012bb\u0101 un ne tikai. V\u0113l\u0101k ir posmi, kad v\u0113rt\u0113jam pag\u0101tnes notikumus, savu r\u012bc\u012bbu un izv\u0113li. Tiek p\u0101rv\u0113rt\u0113ti agr\u0101k izvirz\u012btie m\u0113r\u0137i un il\u016bzijas. Nereti rodas \u0161aubas par [&hellip;]<\/p>\n","protected":false},"author":1,"featured_media":0,"parent":0,"menu_order":0,"comment_status":"closed","ping_status":"closed","template":"","meta":[],"_links":{"self":[{"href":"https:\/\/stellarrain.lv\/astro\/wp-json\/wp\/v2\/pages\/61"}],"collection":[{"href":"https:\/\/stellarrain.lv\/astro\/wp-json\/wp\/v2\/pages"}],"about":[{"href":"https:\/\/stellarrain.lv\/astro\/wp-json\/wp\/v2\/types\/page"}],"author":[{"embeddable":true,"href":"https:\/\/stellarrain.lv\/astro\/wp-json\/wp\/v2\/users\/1"}],"replies":[{"embeddable":true,"href":"https:\/\/stellarrain.lv\/astro\/wp-json\/wp\/v2\/comments?post=61"}],"version-history":[{"count":53,"href":"https:\/\/stellarrain.lv\/astro\/wp-json\/wp\/v2\/pages\/61\/revisions"}],"predecessor-version":[{"id":353,"href":"https:\/\/stellarrain.lv\/astro\/wp-json\/wp\/v2\/pages\/61\/revisions\/353"}],"wp:attachment":[{"href":"https:\/\/stellarrain.lv\/astro\/wp-json\/wp\/v2\/media?parent=61"}],"curies":[{"name":"wp","href":"https:\/\/api.w.org\/{rel}","templated":true}]}}